 is divided by 53.
52
Calculate the remainder when 6800 is divided by 82.
76
What is the remainder when 1542 is divided by 15?
12
Calculate the remainder when 10015 is divided by 27.
25
What is the remainder when 287 is divided by 72?
71
Calculate the remainder when 430 is divided by 57.
31
What is the remainder when 9 is divided by 2?
1
Calculate the remainder when 213 is divided by 91.
31
What is the remainder when 422 is divided by 88?
70
What is the remainder when 1187 is divided by 33?
32
Calculate the remainder when 244 is divided by 35.
34
Calculate the remainder when 99 is divided by 26.
21
Calculate the remainder when 745 is divided by 50.
45
Calculate the remainder when 1137 is divided by 397.
343
What is the remainder when 10 is divided by 9?
1
Calculate the remainder when 11244 is divided by 76.
72
Calculate the remainder when 251 is divided by 18.
17
Calculate the remainder when 182 is divided by 44.
6
Calculate the remainder when 88 is divided by 58.
30
Calculate the remainder when 20158 is divided by 420.
418
What is the remainder when 260 is divided by 119?
22
What is the remainder when 209 is divided by 21?
20
What is the remainder when 198 is divided by 63?
9
Calculate the remainder when 8264 is divided by 159.
155
Calculate the remainder when 31 is divided by 13.
5
What is the remainder when 338 is divided by 75?
38
What is the remainder when 106 is divided by 45?
16
What is the remainder when 310 is divided by 77?
2
Calculate the remainder when 424 is divided by 17.
16
Calculate the remainder when 126 is divided by 15.
6
What is the remainder when 314 is divided by 115?
84
What is the remainder when 145 is divided by 35?
5
What is the remainder when 212 is divided by 9?
5
Calculate the remainder when 1726 is divided by 13.
10
What is the remainder when 271 is divided by 137?
134
What is the remainder when 405 is divided by 17?
14
What is the remainder when 2823 is divided by 53?
14
What is the remainder when 3191 is divided by 57?
56
Calculate the remainder when 53 is divided by 14.
11
What is the remainder when 646 is divided by 168?
142
Calculate the remainder when 704 is divided by 224.
32
Calculate the remainder when 322 is divided by 19.
18
Calculate the remainder when 42 is divided by 12.
6
Calculate the remainder when 18 is divided by 16.
2
Calculate the remainder when 1287 is divided by 311.
43
Calculate the remainder when 3407 is divided by 22.
19
Calculate the remainder when 446 is divided by 32.
30
Calculate the remainder when 376 is divided by 41.
7
What is the remainder when 186 is divided by 53?
27
What is the remainder when 443 is divided by 89?
87
Calculate the remainder when 198 is divided by 68.
62
Calculate the remainder when 31 is divided by 26.
5
What is the remainder when 1105 is divided by 30?
25
What is the remainder when 233 is divided by 55?
13
What is the remainder when 782 is divided by 242?
56
What is the remainder when 178 is divided by 60?
58
What is the remainder when 315 is divided by 96?
27
Calculate the remainder when 11589 is divided by 322.
319
Calculate the remainder when 60 is divided by 13.
8
What is the remainder when 1642 is divided by 526?
64
Calculate the remainder when 377 is divided by 95.
92
Calculate the remainder when 125 is divided by 54.
17
What is the remainder when 11199 is divided by 100?
99
Calculate the remainder when 1183 is divided by 172.
151
Calculate the remainder when 113 is divided by 62.
51
Calculate the remainder when 59 is divided by 48.
11
What is the remainder when 5318 is divided by 152?
150
What is the remainder when 1397 is divided by 83?
69
Calculate the remainder when 78 is divided by 58.
20
Calculate the remainder when 5278 is divided by 60.
58
Calculate the remainder when 1245 is divided by 39.
36
What is the remainder when 229 is divided by 23?
22
What is the remainder when 37 is divided by 18?
1
What is the remainder when 985 is divided by 233?
53
Calculate the remainder when 222 is divided by 2.
0
Calculate the remainder when 476 is divided by 53.
52
Calculate the remainder when 898 is divided by 90.
88
What is the remainder when 102 is divided by 19?
7
Calculate the remainder when 945 is divided by 95.
90
What is the remainder when 501 is divided by 2?
1
Calculate the remainder when 1425 is divided by 119.
116
What is the remainder when 184 is divided by 27?
22
Calculate the remainder when 28 is divided by 23.
5
What is the remainder when 211 is divided by 19?
2
What is the remainder when 10 is divided by 8?
2
What is the remainder when 125 is divided by 38?
11
What is the remainder when 463 is divided by 67?
61
What is the remainder when 3515 is divided by 23?
19
What is the remainder when 3878 is divided by 68?
2
Calculate the remainder when 242 is divided by 66.
44
Calculate the remainder when 6190 is divided by 151.
150
What is the remainder when 20684 is divided by 21?
20
What is the remainder when 1193 is divided by 60?
53
What is the remainder when 555 is divided by 268?
19
What is the remainder when 96 is divided by 17?
11
Calculate the remainder when 2676 is divided by 13.
11
Calculate the remainder when 5322 is divided by 42.
30
What is the remainder when 520 is divided by 350?
170
Calculate the remainder when 535 is divided by 32.
23
What is the remainder when 120 is divided by 83?
37
What is the remainder when 967 is divided by 121?
120
Calculate the remainder when 600 is divided by 593.
7
Calculate the remainder when 1831 is divided by 912.
7
Calculate the remainder when 847 is divided by 416.
15
What is the remainder when 320 is divided by 3?
2
What is the remainder when 733 is divided by 67?
63
What is the remainder when 1548 is divided by 120?
108
What is the remainder when 210 is divided by 145?
65
Calculate the remainder when 35 is divided by 10.
5
What is the remainder when 4267 is divided by 387?
10
Calculate the remainder when 44 is divided by 9.
8
What is the remainder when 910 is divided by 76?
74
What is the remainder when 2938 is divided by 140?
138
What is the remainder when 4255 is divided by 224?
223
Calculate the remainder when 271 is divided by 12.
7
Calculate the remainder when 1506 is divided by 48.
18
What is the remainder when 34 is divided by 30?
4
Calculate the remainder when 381 is divided by 32.
29
Calculate the remainder when 602 is divided by 10.
2
What is the remainder when 855 is divided by 78?
75
Calculate the remainder when 345 is divided by 8.
1
Calculate the remainder when 54 is divided by 35.
19
What is the remainder when 58 is divided by 5?
3
Calculate the remainder when 461 is divided by 57.
5
Calculate the remainder when 1413 is divided by 461.
30
Calculate the remainder when 293 is divided by 262.
31
What is the remainder when 153 is divided by 28?
13
What is the remainder when 443 is divided by 148?
147
Calculate the remainder when 2566 is divided by 43.
29
Calculate the remainder when 347 is divided by 32.
27
What is the remainder when 2547 is divided by 102?
99
Calculate the remainder when 3103 is divided by 1550.
3
What is the remainder when 777 is divided by 282?
213
Calculate the remainder when 10198 is divided by 68.
66
Calculate the remainder when 39 is divided by 26.
13
What is the remainder when 94 is divided by 8?
6
What is the remainder when 7596 is divided by 131?
129
What is the remainder when 20 is divided by 12?
8
What is the remainder when 214 is divided by 64?
22
What is the remainder when 2724 is divided by 22?
18
Calculate the remainder when 1663 is divided by 825.
13
What is the remainder when 656 is divided by 34?
10
What is the remainder when 184 is divided by 3?
1
What is the remainder when 53 is divided by 16?
5
What is the remainder when 1063 is divided by 26?
23
Calculate the remainder when 1369 is divided by 1346.
23
Calculate the remainder when 50943 is divided by 21.
18
Calculate the remainder when 153 is divided by 53.
47
Calculate the remainder when 17 is divided by 14.
3
What is the remainder when 66 is divided by 34?
32
What is the remainder when 77 is divided by 36?
5
Calculate the remainder when 74 is divided by 22.
8
What is the remainder when 1348 is divided by 267?
13
Calculate the remainder when 758 is divided by 86.
70
Calculate the remainder when 207